et c be s(-4). Let x = c + -6. What is the remainder when 53 is divided by x?
26
Let t = -177 - -199. Calculate the remainder when 174 is divided by t.
20
Let m = -2 + -2. Calculate the remainder when 21 is divided by -26*2/m + -2.
10
Let h(n) = 2*n**3 - 3*n**2 - 2*n - 4. What is the remainder when 48 is divided by h(3)?
14
Suppose -3*m = -2*m - 16. Calculate the remainder when m is divided by 316/36 - 6/(-27).
7
What is the remainder when 148 is divided by 1*((50 - -2) + -2)?
48
Suppose -9*y + 8*y = -10. What is the remainder when 21 is divided by y?
1
Let t(x) = x**2 - 4*x + 7. Let w be ((-4)/(-6))/(20/(-150)). Let k be t(w). Suppose -k = -2*u - 2*u. What is the remainder when 25 is divided by u?
12
Let m = 152 + -145. What is the remainder when 9 is divided by m?
2
Let z(h) = h**2 - 3*h + 7. Let d(g) = -g**2 + 3*g - 8. Let a(s) = 4*d(s) + 5*z(s). Calculate the remainder when a(5) is divided by 7.
6
Suppose 55 = 5*s - 0*d + 3*d, s - 34 = 4*d. Let l = 2 + 3. Calculate the remainder when s is divided by l.
4
Suppose 0 = j + 2*j + 48. Let q = 11 + -17. Let m = q - j. What is the remainder when 18 is divided by m?
8
Suppose 3*h = h. Let c = 3 + h. Calculate the remainder when 10 is divided by c.
1
Calculate the remainder when -1 - 88/(-5) - 30/50 is divided by 5.
1
Let j(a) = -a**2 - 2*a - 1. Let i be j(2). Let d(t) = 2*t + 12 + 7*t - 8*t. What is the remainder when 6 is divided by d(i)?
0
Suppose 3*k + 1 - 52 = 0. Calculate the remainder when 64 is divided by k.
13
Suppose -222 = -2*r - r. Suppose 4*x + 18 - r = 0. Let i = x + -8. Calculate the remainder when 10 is divided by i.
4
Suppose 3*b + 271 = 2*w, 4*w - b + 5*b - 492 = 0. Suppose 6*g = 2*g + w. Suppose 7 = 2*z - 15. What is the remainder when g is divided by z?
10
Suppose -2*i + 20 - 4 = 0. What is the remainder when i is divided by 4?
0
Let d = 140 + -101. Calculate the remainder when d is divided by 9.
3
Let v = 106 - 64. Calculate the remainder when v is divided by ((-55)/(-10))/((-2)/(-4)).
9
Suppose 5*x - 8 = x. Calculate the remainder when 29 is divided by x*(-2)/(-2) - -14.
13
Suppose -2*j + 3*o = -28, -5*o + 108 = 4*j + 30. Suppose -4*n - 3*f = -215, 0*n - 5*n = -3*f - 235. Calculate the remainder when n is divided by j.
16
Suppose -3*s = -123 + 12. Suppose v = 4*q, 2*q + 0*v = -4*v. Suppose 3*o - s = -g, q = -o + 4*g + 3 - 8. Calculate the remainder when o is divided by 6.
5
Let g(m) = 3*m**2 + 6*m - 1. Calculate the remainder when 26 is divided by g(-3).
2
Let c be 2 + -1 + (4 - 2). Suppose b = -2*y + 27, -c*y = -0*y - 3*b - 36. Let s(a) = 4*a**2 + a - 2. What is the remainder when s(3) is divided by y?
11
Let h = 1 - -22. Suppose 3*p - h = 19. Calculate the remainder when 54 is divided by p.
12
Calculate the remainder when 8 is divided by (-24)/18*3/(-2).
0
Let d = 0 + 0. Suppose -3 = -d*l - l. Calculate the remainder when 8 is divided by l.
2
Let u(s) = s + 17. Let r be u(-10). Suppose r*o = 4*o + 90. Suppose -l + 24 = 2*l. Calculate the remainder when o is divided by l.
6
Suppose -4*v + 6 = -3*v. Suppose -k = -0*k - v. What is the remainder when 21 is divided by k?
3
Let d = 99 - 79. What is the remainder when d is divided by 8?
4
Let j = -5 + 10. Suppose 5*h + 11 = 4*x - 5, j*h + 20 = 5*x. What is the remainder when 11 is divided by x?
3
Suppose 0 = 2*q + 5*h - 33, 2*q - 3*h + 0*h - 41 = 0. Suppose 5*r = -2*m - 59 + 337, -4*r + 223 = m. Calculate the remainder when r is divided by q.
18
Let j(w) = -3*w**2 + 3*w - 2. Let o be j(2). Let u = o + 12. Calculate the remainder when 10 is divided by u.
2
Let t(r) = r + 160. Let p be (2 - (5 - 1)) + 2. Let o be t(p). Suppose -o = 6*j - 11*j. What is the remainder when j is divided by 11?
10
Let t be (-4)/2 + 2/2. Let k be 1/((-3)/(-598 - t)). Suppose 0 = 5*i - k + 49. What is the remainder when i is divided by 16?
14
Let s(y) = -2*y - 2. Let l be s(-2). Suppose -l*k = -7*k + 40. Suppose 14 = 3*x - 1. What is the remainder when k is divided by x?
3
Suppose 4 = 5*l - 6. Suppose 30 = 4*v + h, 5 - 22 = -3*v + l*h. Let d = 7 - -6. What is the remainder when d is divided by v?
6
Let r(i) = i**2 + i**3 - i**2 - 5*i**2 - 4*i + 4. Suppose 0 = -6*b - b + 42. Calculate the remainder when r(6) is divided by b.
4
Let i(j) = 2*j**2 + 6*j + 3. Let u be i(-4). Let o(s) be the first derivative of s**3/3 - 11*s**2/2 + 6*s + 1. What is the remainder when 16 is divided by o(u)?
4
Suppose 0 = 5*k + 2*z - 5*z - 21, k + 2*z = -1. Suppose 5*f - 5*r = 65, 2*f - k*r = -2*f + 49. Calculate the remainder when 19 is divided by f.
9
Let x = -153 - -180. Calculate the remainder when 52 is divided by x.
25
Let t be (3 + 33)/1 + -3. Suppose 5*v - 2*s - t = 0, 8*s = 2*v + 4*s - 26. What is the remainder when 13 is divided by v?
3
Let u be (70/3)/(8/12). Suppose 0*p + 5*p = u. What is the remainder when 25 is divided by p?
4
Suppose -5*r - 5*f + 49 + 41 = 0, 4*f - 57 = -3*r. Let l(k) = 27*k**2 + 1. Let p be l(-1). Let a = 72 - p. Calculate the remainder when a is divided by r.
14
Suppose 4*x - 2*x = -692. Calculate the remainder when x/(-6) - (-2)/6 is divided by 20.
18
Let g = 21 + -10. Let c = -10 + g. Calculate the remainder when 3 is divided by c.
0
Suppose c + 4*q - 40 = -12, 4*q = c - 20. Calculate the remainder when 46 is divided by c.
22
Let i(c) = 19*c - 5*c - 12 - c - c**2. Calculate the remainder when 55 is divided by i(8).
27
Let s = -2 - -4. Let j be (4/(-8))/(s/4). Calculate the remainder when 10 is divided by (3 + 5)*j/(-2).
2
Let i = -104 + 203. Let r = i + -42. Suppose -3*j = -0*j - r. What is the remainder when j is divided by 7?
5
Suppose -3*t = -5*y + t - 14, -4*t - 16 = 0. Let v(k) = k**2 + 3*k - 5. Calculate the remainder when v(y) is divided by 4.
1
Suppose -4*z = 4*i - 12, 0 = -z + 4*i + 7 + 6. Suppose t = 4*t - 9, -522 = -z*a - 4*t. What is the remainder when a is divided by 35?
32
Let w = 35 + 76. Let m = -653 - -672. What is the remainder when w is divided by m?
16
Let n be ((-2)/3)/(1/3). Suppose 17 - 38 = -3*c. Calculate the remainder when c is divided by (-6)/n*(-4)/(-3).
3
Suppose -27 = -4*v + 85. Calculate the remainder when v is divided by 15.
13
Let q(h) = -h**2 + h + 5. Let l be (16/10)/((-4)/(-10)). Suppose 65 = 9*z - l*z. What is the remainder when z is divided by q(0)?
3
Suppose -3*v + 2*v + 4 = 0. Let i = -16 + 23. What is the remainder when (-1)/v + 45/4 is divided by i?
4
Suppose -4 - 22 = -2*g. Let y be 2/g + 306/39. Let s = -5 + y. What is the remainder when 8 is divided by s?
2
Let l(r) = r**2 + r - 4. Let b(j) = -j**3 - 2*j**2 + 2. Calculate the remainder when b(-5) is divided by l(-6).
25
Suppose -l - 3*l = 36. Let h = 19 + l. Calculate the remainder when 39 is divided by h.
9
Suppose -2*x - 1 = 1, 4*r + 4*x = 92. What is the remainder when r is divided by 9?
6
Let s = -4 - -10. Calculate the remainder when 9 is divided by s.
3
Suppose 20*j = 18*j + 12. Calculate the remainder when 47 is divided by j.
5
Suppose -3*a - 72 = -3*o, 3*o + 3*a = 8*a + 64. What is the remainder when 82 is divided by o?
26
Calculate the remainder when 33 is divided by (-3 - -2 - 16)*-1.
16
Let f = 2 - -41. What is the remainder when f is divided by 22?
21
Let q(a) = 2*a**3 + 4*a**2 - 9. Let l(j) = j**3 - j + 1. Let v(k) = 3*l(k) - q(k). Suppose 3*p + 43 - 238 = 0. What is the remainder when p is divided by v(5)?
21
Suppose 4 = -v + 11. Let l = v - -22. Suppose 58 - 155 = -5*z + 3*w, 0 = -z + 3*w + l. What is the remainder when z is divided by 9?
8
Let y(i) = i + 18. Let x be y(-13). Suppose -5*f + 52 = 2*h, -x*f + 0*h + 49 = -h. What is the remainder when 29 is divided by f?
9
Suppose 0 = 3*f - 7*f + 68. Let a(n) = -n**3 - 12*n**2 + n + 14. Let q be a(-12). Suppose -q*b + f = -b. Calculate the remainder when b is divided by 6.
5
Let t = -11 + 35. Let b(p) = 6*p**2 - 5*p + 2. Calculate the remainder when b(-3) is divided by t.
23
Suppose 12*r - 6*r - 78 = 0. What is the remainder when (1 + 11)/(3/9) is divided by r?
10
Suppose -5*p - 3*s = -8*s - 120, -3*p = 4*s - 93. Let k(y) = -y**2 + 10*y - 15. Let l be k(10). Let g = -1 - l. Calculate the remainder when p is divided by g.
13
What is the remainder when 10/14 + (-22)/(-77) is divided by 1?
0
Suppose -4 = 7*o + 3. Let g(t) = t - 1. Let l be g(-3). Calculate the remainder when 23 is divided